8
What is the remainder when 499 is divided by 50?
49
Calculate the remainder when 950 is divided by 134.
12
What is the remainder when 48098 is divided by 74?
72
What is the remainder when 6 is divided by 1?
0
What is the remainder when 830 is divided by 104?
102
What is the remainder when 3145 is divided by 71?
21
Calculate the remainder when 139 is divided by 35.
34
Calculate the remainder when 125 is divided by 66.
59
What is the remainder when 233 is divided by 67?
32
What is the remainder when 284 is divided by 98?
88
What is the remainder when 130 is divided by 34?
28
Calculate the remainder when 242 is divided by 49.
46
What is the remainder when 108 is divided by 25?
8
What is the remainder when 303 is divided by 100?
3
What is the remainder when 632 is divided by 141?
68
What is the remainder when 519 is divided by 13?
12
What is the remainder when 257 is divided by 87?
83
What is the remainder when 268 is divided by 2?
0
Calculate the remainder when 1125 is divided by 301.
222
Calculate the remainder when 1330 is divided by 350.
280
Calculate the remainder when 2180 is divided by 81.
74
What is the remainder when 556 is divided by 43?
40
Calculate the remainder when 52 is divided by 29.
23
What is the remainder when 27 is divided by 1?
0
Calculate the remainder when 153 is divided by 22.
21
Calculate the remainder when 127 is divided by 32.
31
What is the remainder when 37 is divided by 17?
3
What is the remainder when 61 is divided by 24?
13
Calculate the remainder when 265 is divided by 90.
85
Calculate the remainder when 1288 is divided by 43.
41
What is the remainder when 122 is divided by 62?
60
Calculate the remainder when 95 is divided by 20.
15
What is the remainder when 915 is divided by 144?
51
What is the remainder when 356 is divided by 49?
13
Calculate the remainder when 76 is divided by 16.
12
Calculate the remainder when 163 is divided by 41.
40
Calculate the remainder when 5783 is divided by 13.
11
What is the remainder when 1516 is divided by 38?
34
What is the remainder when 18814 is divided by 16?
14
What is the remainder when 4193 is divided by 75?
68
Calculate the remainder when 328 is divided by 52.
16
Calculate the remainder when 169 is divided by 48.
25
Calculate the remainder when 95 is divided by 8.
7
What is the remainder when 305 is divided by 14?
11
Calculate the remainder when 375 is divided by 195.
180
What is the remainder when 1200 is divided by 393?
21
Calculate the remainder when 164 is divided by 86.
78
What is the remainder when 1178 is divided by 294?
2
What is the remainder when 39 is divided by 20?
19
Calculate the remainder when 9793 is divided by 158.
155
Calculate the remainder when 1355 is divided by 12.
11
Calculate the remainder when 24 is divided by 10.
4
Calculate the remainder when 105 is divided by 33.
6
What is the remainder when 50 is divided by 23?
4
Calculate the remainder when 741 is divided by 189.
174
Calculate the remainder when 389 is divided by 10.
9
Calculate the remainder when 149 is divided by 113.
36
Calculate the remainder when 353 is divided by 18.
11
What is the remainder when 357 is divided by 98?
63
Calculate the remainder when 329 is divided by 147.
35
Calculate the remainder when 2733 is divided by 182.
3
What is the remainder when 1330 is divided by 94?
14
Calculate the remainder when 1558 is divided by 94.
54
Calculate the remainder when 999 is divided by 9.
0
Calculate the remainder when 3208 is divided by 5.
3
What is the remainder when 122 is divided by 46?
30
What is the remainder when 333 is divided by 42?
39
Calculate the remainder when 25751 is divided by 158.
155
Calculate the remainder when 226 is divided by 55.
6
What is the remainder when 1132 is divided by 21?
19
Calculate the remainder when 63 is divided by 32.
31
Calculate the remainder when 1733 is divided by 289.
288
What is the remainder when 258 is divided by 143?
115
What is the remainder when 93 is divided by 18?
3
What is the remainder when 6417 is divided by 49?
47
What is the remainder when 72 is divided by 5?
2
Calculate the remainder when 78 is divided by 61.
17
Calculate the remainder when 480 is divided by 49.
39
Calculate the remainder when 37 is divided by 19.
18
What is the remainder when 341 is divided by 4?
1
What is the remainder when 2271 is divided by 71?
70
What is the remainder when 1953 is divided by 98?
91
Calculate the remainder when 523 is divided by 132.
127
What is the remainder when 19 is divided by 10?
9
Calculate the remainder when 645 is divided by 213.
6
What is the remainder when 978 is divided by 435?
108
Calculate the remainder when 332 is divided by 115.
102
What is the remainder when 1186 is divided by 44?
42
What is the remainder when 404 is divided by 37?
34
What is the remainder when 1330 is divided by 66?
10
What is the remainder when 1481 is divided by 53?
50
What is the remainder when 138 is divided by 3?
0
What is the remainder when 61 is divided by 24?
13
Calculate the remainder when 168 is divided by 11.
3
What is the remainder when 8693 is divided by 8?
5
What is the remainder when 24 is divided by 8?
0
Calculate the remainder when 801 is divided by 375.
51
Calculate the remainder when 10790 is divided by 38.
36
What is the remainder when 705 is divided by 118?
115
What is the remainder when 284 is divided by 139?
6
Calculate the remainder when 234 is divided by 17.
13
What is the remainder when 32268 is divided by 31?
28
Calculate the remainder when 1591 is divided by 517.
40
What is the remainder when 583 is divided by 83?
2
Calculate the remainder when 401 is divided by 102.
95
What is the remainder when 884 is divided by 147?
2
Calculate the remainder when 509 is divided by 10.
9
Calculate the remainder when 378 is divided by 96.
90
Calculate the remainder when 516 is divided by 13.
9
Calculate the remainder when 93 is divided by 25.
18
Calculate the remainder when 155 is divided by 12.
11
What is the remainder when 182 is divided by 9?
2
Calculate the remainder when 608 is divided by 152.
0
What is the remainder when 2418 is divided by 44?
42
Calculate the remainder when 36 is divided by 7.
1
What is the remainder when 982 is divided by 80?
22
What is the remainder when 55 is divided by 16?
7
Calculate the remainder when 550 is divided by 81.
64
What is the remainder when 62 is divided by 47?
15
What is the remainder when 3779 is divided by 172?
167
Calculate the remainder when 322 is divided by 70.
42
What is the remainder when 566 is divided by 27?
26
Calculate the remainder when 259 is divided by 103.
53
What is the remainder when 7224 is divided by 85?
84
Calculate the remainder when 2301 is divided by 15.
6
What is the remainder when 819 is divided by 25?
19
Calculate the remainder when 109 is divided by 75.
34
What is the remainder when 926 is divided by 93?
89
Calculate the remainder when 380 is divided by 64.
60
What is the remainder when 13462 is divided by 33?
31
What is the remainder when 399 is divided by 99?
3
What is the remainder when 264 is divided by 85?
9
Calculate the remainder when 139 is divided by 11.
7
Calculate the remainder when 2408 is divided by 18.
14
What is the remainder when 20325 is divided by 33?
30
What is the remainder when 306 is divided by 56?
26
Calculate the remainder when 57 is divided by 12.
9
What is the remainder when 64 is divided by 6?
4
What is the remainder when 4383 is divided by 60?
3
What is the remainder when 1526 is divided by 95?
6
Calculate the remainder when 3 is divided by 1.
0
What is the remainder when 1323 is divided by 78?
75
Calculate the remainder when 91 is divided by 50.
41
Calculate the remainder when 167 is divided by 17.
14
Calculate the remainder when 244 is divided by 8.
4
Calculate the remainder when 333 is divided by 48.
45
Calculate the remainder when 945 is divided by 86.
85
What is the remainder when 1333 is divided by 23?
22
Calculate the remainder when 179 is divided by 83.
13
What is the remainder when 2298 is divided by 458?
8
What is the remainder when 3261 is divided by 51?
48
What is the remainder when 513 is divided by 10?
3
What is the remainder when 758 is divided by 360?
38
What is the remainder when 2672 is divided by 191?
189
What is the remainder when 6